{"id":5589,"date":"2025-10-12T15:15:54","date_gmt":"2025-10-12T13:15:54","guid":{"rendered":"https:\/\/gradschool.eiphi.ubfc.fr\/?page_id=5589"},"modified":"2025-11-05T13:44:54","modified_gmt":"2025-11-05T12:44:54","slug":"dispositif-de-structuration-de-la-recherche-en-bourgogne-franche-comte","status":"publish","type":"page","link":"https:\/\/gradschool.eiphi.ubfc.fr\/?page_id=5589","title":{"rendered":"Dispositif de structuration de la recherche en Bourgogne-Franche-Comt\u00e9"},"content":{"rendered":"\n<h3 class=\"wp-block-heading\"><strong>La R\u00e9gion Bourgogne-Franche-Comt\u00e9 (BFC) lance le dispositif \u00ab&nbsp;Structuration de la Recherche&nbsp;\u00bb pour l\u2019ann\u00e9e acad\u00e9mique 2025-2026<\/strong>. <\/h3>\n\n\n\n<p>La mise en \u0153uvre et l\u2019animation du dispositif sont confi\u00e9es aux Graduate Schools (GS) EIPHI, TRANSBIO et INTHERAPI et s\u2019adresse aux laboratoires suivants dans les domaines&nbsp;:<\/p>\n\n\n\n<div style=\"height:58px\" aria-hidden=\"true\" class=\"wp-block-spacer\"><\/div>\n\n\n\n<div class=\"wp-block-columns is-layout-flex wp-container-core-columns-is-layout-1 wp-block-columns-is-layout-flex\">\n<div class=\"wp-block-column is-layout-flow wp-block-column-is-layout-flow\">\n<h3 class=\"wp-block-heading\"><strong>Mat\u00e9riaux avanc\u00e9s, ondes et syst\u00e8mes intelligents<\/strong><strong> (anim\u00e9 par EIPHI)&nbsp;:<\/strong><\/h3>\n\n\n\n<ul class=\"wp-block-list\">\n<li>FEMTO-ST<\/li>\n\n\n\n<li>ICB<\/li>\n\n\n\n<li>ICMUB*<\/li>\n\n\n\n<li>IMB<\/li>\n\n\n\n<li>ImViA<\/li>\n\n\n\n<li>LmB<\/li>\n\n\n\n<li>UTINAM<\/li>\n\n\n\n<li>CIAD<\/li>\n\n\n\n<li>DRIVE<\/li>\n\n\n\n<li>LaBoMaP<\/li>\n\n\n\n<li>LIB<\/li>\n\n\n\n<li>LISPEN<\/li>\n<\/ul>\n<\/div>\n\n\n\n<div class=\"wp-block-column is-layout-flow wp-block-column-is-layout-flow\">\n<h3 class=\"wp-block-heading\"><strong>Territoires, environnement, aliments (a<\/strong><strong>nim\u00e9 par TRANSBIO)<\/strong><strong>&nbsp;:<\/strong><\/h3>\n\n\n\n<ul class=\"wp-block-list\">\n<li>Agro\u00e9cologie<\/li>\n\n\n\n<li>Biog\u00e9osciences<\/li>\n\n\n\n<li>CESAER<\/li>\n\n\n\n<li>Chrono-environnement<\/li>\n\n\n\n<li>CREGO<\/li>\n\n\n\n<li>CRESE<\/li>\n\n\n\n<li>CSGA<\/li>\n\n\n\n<li>LEDI<\/li>\n\n\n\n<li>PAM<\/li>\n\n\n\n<li>THEMA<\/li>\n<\/ul>\n<\/div>\n\n\n\n<div class=\"wp-block-column is-layout-flow wp-block-column-is-layout-flow\">\n<h3 class=\"wp-block-heading\"><strong>Soins individualis\u00e9s et int\u00e9gr\u00e9s<\/strong><strong> (anim\u00e9 par INTHERAPI)<\/strong><strong>&nbsp;:<\/strong><\/h3>\n\n\n\n<ul class=\"wp-block-list\">\n<li>CSGA<\/li>\n\n\n\n<li>CTM<\/li>\n\n\n\n<li>ICMUB<\/li>\n\n\n\n<li>LINC<\/li>\n\n\n\n<li>PEC2<\/li>\n\n\n\n<li>RIGHT<\/li>\n\n\n\n<li>SINERGIES<\/li>\n<\/ul>\n<\/div>\n<\/div>\n\n\n\n<div style=\"height:66px\" aria-hidden=\"true\" class=\"wp-block-spacer\"><\/div>\n\n\n\n<p>Le dispositif Structuration de la Recherche vise \u00e0 soutenir des projets de grande qualit\u00e9 scientifique\/technologique et repose d\u2019autre part sur <strong>trois crit\u00e8res essentiels<\/strong> qui seront tout particuli\u00e8rement examin\u00e9s pour la s\u00e9lection par la R\u00e9gion BFC :<\/p>\n\n\n\n<div style=\"height:40px\" aria-hidden=\"true\" class=\"wp-block-spacer\"><\/div>\n\n\n\n<ul class=\"wp-block-list\">\n<li>Un lien <strong>recherche-formation<\/strong> important et av\u00e9r\u00e9.<\/li>\n\n\n\n<li>Des dynamiques <strong>pluri- ou interdisciplinaires<\/strong>, en particulier entre laboratoires et\/ou entre Graduate Schools.<\/li>\n\n\n\n<li>Un potentiel av\u00e9r\u00e9 pour<strong> articuler recherche et innovation\/impact socio\u00e9conomique\/soci\u00e9tal<\/strong>.<\/li>\n<\/ul>\n\n\n\n<div style=\"height:60px\" aria-hidden=\"true\" class=\"wp-block-spacer\"><\/div>\n\n\n\n<div class=\"wp-block-columns is-layout-flex wp-container-core-columns-is-layout-2 wp-block-columns-is-layout-flex\">\n<div class=\"wp-block-column is-layout-flow wp-block-column-is-layout-flow\">\n<div class=\"wp-block-buttons is-content-justification-center is-layout-flex wp-container-core-buttons-is-layout-1 wp-block-buttons-is-layout-flex\">\n<div class=\"wp-block-button\"><a class=\"wp-block-button__link has-text-align-center wp-element-button\" href=\"https:\/\/gradschool.eiphi.ubfc.fr\/wp-content\/uploads\/2025\/10\/Document-de-cadrage-Structuration-Recherche-Region-BFC-2026.pdf\" target=\"_blank\" rel=\"noreferrer noopener\">T\u00e9l\u00e9chargez ici l&#8217;appel \u00e0 projets complet<\/a><\/div>\n<\/div>\n<\/div>\n\n\n\n<div class=\"wp-block-column is-layout-flow wp-block-column-is-layout-flow\">\n<div class=\"wp-block-buttons is-content-justification-center is-layout-flex wp-container-core-buttons-is-layout-2 wp-block-buttons-is-layout-flex\">\n<div class=\"wp-block-button\"><a class=\"wp-block-button__link has-text-align-center wp-element-button\" href=\"https:\/\/gradschool.eiphi.ubfc.fr\/wp-content\/uploads\/2025\/11\/Acronyme_NomduPorteur_Structuration-Recherche-2025-2026.pdf\" target=\"_blank\" rel=\"noreferrer noopener\">T\u00e9l\u00e9chargez ici le dossier de candidature \u00e0 compl\u00e9ter<\/a><\/div>\n<\/div>\n<\/div>\n<\/div>\n\n\n\n<div style=\"height:60px\" aria-hidden=\"true\" class=\"wp-block-spacer\"><\/div>\n\n\n\n<h3 class=\"wp-block-heading\"><strong>Pour tous les projets<\/strong><\/h3>\n\n\n\n<p>Veuillez soumettre votre dossier de candidature d\u00fbment rempli sur la plateforme suivante :<\/p>\n\n\n\n<div style=\"height:60px\" aria-hidden=\"true\" class=\"wp-block-spacer\"><\/div>\n\n\n\n<div class=\"wp-block-buttons is-content-justification-center is-layout-flex wp-container-core-buttons-is-layout-3 wp-block-buttons-is-layout-flex\">\n<div class=\"wp-block-button\"><a class=\"wp-block-button__link wp-element-button\" href=\"https:\/\/enquetes.univ-fcomte.fr\/limesurvey\/index.php?r=survey\/index&amp;sid=431785&amp;lang=en\" target=\"_blank\" rel=\"noreferrer noopener\">Plateforme de d\u00e9p\u00f4t de vos projets<\/a><\/div>\n<\/div>\n\n\n\n<div style=\"height:60px\" aria-hidden=\"true\" class=\"wp-block-spacer\"><\/div>\n\n\n\n<p class=\"has-text-align-center\">Cette plateforme sera cl\u00f4tur\u00e9e le 7 novembre \u00e0 23h59<\/p>\n\n\n\n<p><\/p>\n","protected":false},"excerpt":{"rendered":"<p>La R\u00e9gion Bourgogne-Franche-Comt\u00e9 (BFC) lance le dispositif \u00ab&nbsp;Structuration de la Recherche&nbsp;\u00bb pour l\u2019ann\u00e9e acad\u00e9mique 2025-2026. La mise en \u0153uvre et l\u2019animation du dispositif sont confi\u00e9es aux Graduate Schools (GS) EIPHI, TRANSBIO et INTHERAPI et s\u2019adresse aux laboratoires suivants dans les domaines&nbsp;: Mat\u00e9riaux avanc\u00e9s, ondes et syst\u00e8mes intelligents (anim\u00e9 par EIPHI)&nbsp;: Territoires, environnement, aliments (anim\u00e9 par [&hellip;]<\/p>\n","protected":false},"author":3,"featured_media":0,"parent":0,"menu_order":0,"comment_status":"closed","ping_status":"closed","template":"page-type.php","meta":{"_acf_changed":false,"footnotes":""},"class_list":["post-5589","page","type-page","status-publish","hentry"],"acf":[],"_links":{"self":[{"href":"https:\/\/gradschool.eiphi.ubfc.fr\/index.php?rest_route=\/wp\/v2\/pages\/5589","targetHints":{"allow":["GET"]}}],"collection":[{"href":"https:\/\/gradschool.eiphi.ubfc.fr\/index.php?rest_route=\/wp\/v2\/pages"}],"about":[{"href":"https:\/\/gradschool.eiphi.ubfc.fr\/index.php?rest_route=\/wp\/v2\/types\/page"}],"author":[{"embeddable":true,"href":"https:\/\/gradschool.eiphi.ubfc.fr\/index.php?rest_route=\/wp\/v2\/users\/3"}],"replies":[{"embeddable":true,"href":"https:\/\/gradschool.eiphi.ubfc.fr\/index.php?rest_route=%2Fwp%2Fv2%2Fcomments&post=5589"}],"version-history":[{"count":20,"href":"https:\/\/gradschool.eiphi.ubfc.fr\/index.php?rest_route=\/wp\/v2\/pages\/5589\/revisions"}],"predecessor-version":[{"id":5628,"href":"https:\/\/gradschool.eiphi.ubfc.fr\/index.php?rest_route=\/wp\/v2\/pages\/5589\/revisions\/5628"}],"wp:attachment":[{"href":"https:\/\/gradschool.eiphi.ubfc.fr\/index.php?rest_route=%2Fwp%2Fv2%2Fmedia&parent=5589"}],"curies":[{"name":"wp","href":"https:\/\/api.w.org\/{rel}","templated":true}]}}